{"id":146,"date":"2017-12-26T23:23:50","date_gmt":"2017-12-26T22:23:50","guid":{"rendered":"http:\/\/test.gpas.at\/?page_id=146"},"modified":"2025-09-23T14:11:03","modified_gmt":"2025-09-23T12:11:03","slug":"stipendien","status":"publish","type":"page","link":"https:\/\/www.gpas.at\/?page_id=146","title":{"rendered":"Stipendien"},"content":{"rendered":"<p>Die Anas Schakfeh Stiftung forciert die gesellschaftliche, wirtschaftliche und kulturelle Partizipation von B\u00fcrgerinnen und B\u00fcrgern in \u00d6sterreich. Hierzu z\u00e4hlt unter anderem die F\u00f6rderung von in \u00d6sterreich ans\u00e4ssigen Studierenden mit kulturell vielf\u00e4ltigem Hintergrund. Die Stiftung erm\u00f6glicht jungen Menschen das Studieren mit einem Stipendium und erh\u00f6ht auf diese Weise ihre gesellschaftlichen Partizipationschancen.<br \/>\n&nbsp;<br \/>\n<strong>Kriterien<\/strong><br \/>\nDer\/Die Studierende muss sozial f\u00f6rderungsw\u00fcrdig sein. Au\u00dferdem muss dargelegt werden, wie der\/die Studierende durch sein\/ihr Studium dem Wohl der Allgemeinheit dient und so die aktive Partizipation an gesellschaftlichen, wirtschaftlichen und\/oder kulturellen Prozessen in \u00d6sterreich lebt und umsetzt.<br \/>\n&nbsp;<br \/>\n<strong>Unterlagen<\/strong>:<\/p>\n<ul>\n<li>Meldezettel<\/li>\n<li>Staatsb\u00fcrgerschaftsnachweis<\/li>\n<li>Geburtsurkunde<\/li>\n<li>Nachweis der sozialen Bed\u00fcrftigkeit&nbsp;<\/li>\n<li>Aktuelles Sammelzeugnis &amp; schriftliche Bekanntgabe \u00fcber die verbleibende L\u00e4nge des Studiums<\/li>\n<li>Bewerbungsschreiben<\/li>\n<\/ul>\n<p>&nbsp;<br \/>\n&nbsp;<br \/>\n<strong>weitere Informationen &amp; Kontakt<\/strong>:&nbsp;<br \/>\ncontact((at))gpas.at<\/p>\n","protected":false},"excerpt":{"rendered":"<p>Die Anas Schakfeh Stiftung forciert die gesellschaftliche, wirtschaftliche und kulturelle Partizipation von B\u00fcrgerinnen und B\u00fcrgern in \u00d6sterreich. Hierzu z\u00e4hlt unter anderem die F\u00f6rderung von in \u00d6sterreich ans\u00e4ssigen Studierenden mit kulturell vielf\u00e4ltigem Hintergrund. Die Stiftung erm\u00f6glicht &#8230; <a href=\"https:\/\/www.gpas.at\/?page_id=146\" class=\"more-link\">Read More<\/a><\/p>\n","protected":false},"author":1,"featured_media":0,"parent":0,"menu_order":0,"comment_status":"closed","ping_status":"closed","template":"template-layout-sidebar-content.php","meta":{"ngg_post_thumbnail":0,"footnotes":""},"class_list":["post-146","page","type-page","status-publish","hentry","no-post-thumbnail"],"_links":{"self":[{"href":"https:\/\/www.gpas.at\/index.php?rest_route=\/wp\/v2\/pages\/146"}],"collection":[{"href":"https:\/\/www.gpas.at\/index.php?rest_route=\/wp\/v2\/pages"}],"about":[{"href":"https:\/\/www.gpas.at\/index.php?rest_route=\/wp\/v2\/types\/page"}],"author":[{"embeddable":true,"href":"https:\/\/www.gpas.at\/index.php?rest_route=\/wp\/v2\/users\/1"}],"replies":[{"embeddable":true,"href":"https:\/\/www.gpas.at\/index.php?rest_route=%2Fwp%2Fv2%2Fcomments&post=146"}],"version-history":[{"count":6,"href":"https:\/\/www.gpas.at\/index.php?rest_route=\/wp\/v2\/pages\/146\/revisions"}],"predecessor-version":[{"id":1101,"href":"https:\/\/www.gpas.at\/index.php?rest_route=\/wp\/v2\/pages\/146\/revisions\/1101"}],"wp:attachment":[{"href":"https:\/\/www.gpas.at\/index.php?rest_route=%2Fwp%2Fv2%2Fmedia&parent=146"}],"curies":[{"name":"wp","href":"https:\/\/api.w.org\/{rel}","templated":true}]}}

<p>Die Anas Schakfeh Stiftung forciert die gesellschaftliche, wirtschaftliche und kulturelle Partizipation von Bürgerinnen und Bürgern in Österreich. Hierzu zählt unter anderem die Förderung von in Österreich ansässigen Studierenden mit kulturell vielfältigem Hintergrund. Die Stiftung ermöglicht jungen Menschen das Studieren mit einem Stipendium und erhöht auf diese Weise ihre gesellschaftlichen Partizipationschancen.<br />
&nbsp;<br />
<strong>Kriterien</strong><br />
Der/Die Studierende muss sozial förderungswürdig sein. Außerdem muss dargelegt werden, wie der/die Studierende durch sein/ihr Studium dem Wohl der Allgemeinheit dient und so die aktive Partizipation an gesellschaftlichen, wirtschaftlichen und/oder kulturellen Prozessen in Österreich lebt und umsetzt.<br />
&nbsp;<br />
<strong>Unterlagen</strong>:</p>
<ul>
<li>Meldezettel</li>
<li>Staatsbürgerschaftsnachweis</li>
<li>Geburtsurkunde</li>
<li>Nachweis der sozialen Bedürftigkeit&nbsp;</li>
<li>Aktuelles Sammelzeugnis &amp; schriftliche Bekanntgabe über die verbleibende Länge des Studiums</li>
<li>Bewerbungsschreiben</li>
</ul>
<p>&nbsp;<br />
&nbsp;<br />
<strong>weitere Informationen &amp; Kontakt</strong>:&nbsp;<br />
contact((at))gpas.at</p>

<p>Die Anas Schakfeh Stiftung forciert die gesellschaftliche, wirtschaftliche und kulturelle Partizipation von Bürgerinnen und Bürgern in Österreich. Hierzu zählt unter anderem die Förderung von in Österreich ansässigen Studierenden mit kulturell vielfältigem Hintergrund. Die Stiftung ermöglicht &#8230; <a href="https://www.gpas.at/?page_id=146" class="more-link">Read More</a></p>
