{"id":237,"date":"2018-02-18T15:39:03","date_gmt":"2018-02-18T14:39:03","guid":{"rendered":"http:\/\/test.gpas.at\/?page_id=237"},"modified":"2022-08-01T15:41:34","modified_gmt":"2022-08-01T13:41:34","slug":"bildung","status":"publish","type":"page","link":"https:\/\/www.gpas.at\/?page_id=237","title":{"rendered":"Bildungs- &#038; Dialogf\u00f6rderung"},"content":{"rendered":"<p>Die R\u00e4umlichkeiten der Stiftung im 23. Wiener Gemeindebezirk werden diversen Bildungseinrichtungen zur Durchf\u00fchrung ihrer Veranstaltungen zur Verf\u00fcgung gestellt. So fand u.a. im Jahre 2011 eine Fachtagung zum Thema \u201eReligionsunterricht und s\u00e4kularer Staat\u201c statt, welche vom damaligen Pr\u00e4sidenten der IGGi\u00d6, Dr. Fuat Sanac, und dem damaligen Integrationsstaatssekret\u00e4r Sebastian Kurz er\u00f6ffnet wurde. Renommierte WissenschaftlerInnen aus dem In- und Ausland sowie ExpertInnen aus der Praxis diskutierten unterschiedliche Fragestellungen zu diesem Themenbereich, die Ergebnisse wurden in einer gleichnamigen Publikation zusammengefasst.<\/p>\n<p>In Erinnerung an den bedeutenden j\u00fcdischen Dialogphilosophen Martin Buber wurde zu seinem 75. Todesjahr im Jahr 2015 das Martin-Buber-Kolloquium in den R\u00e4umlichkeiten der Stiftung abgehalten, bei welchem international anerkannte WissenschaftlerInnen die reichhaltigen Facetten der Dialogphilosophie beleuchteten. Auch hier sind die Ergebnisse in einer Publikation \u201eBuber begegnen. Interdisziplin\u00e4re Zug\u00e4nge zu Martin Bubers Dialogphilosophie\u201c nachzulesen. Im Jahr 2016 fand eine Tagung zur Aneignungsdidaktik und zum Kompetenzerwerb statt, auch diese wurde von der Stiftung unterst\u00fctzt. Rund um die Frage, wie implizites Lernen explizit erlebbar wird, diskutierten BildungswissenschaftlerInnen unterschiedliche Standpunkte, wie Lernprozesse neu betrachtet und insgesamt anders gestaltet werden sollten.<\/p>\n<p>Die Anas-Schakfeh-Stiftung l\u00e4dt immer wieder bedeutende Pers\u00f6nlichkeiten und ExpertInnen zu \u00f6ffentlichen Vortr\u00e4gen ein, um so Raum f\u00fcr Dialog und gesellschaftlichen Diskurs zu schaffen. Der erste \u00f6ffentliche Vortrag wurde von dem damaligen bosnischen Gro\u00dfmufti Mustafa Ceric gehalten, zahlreiche Vortr\u00e4ge unterschiedlichster Themenstellungen folgten.<\/p>\n<p>&nbsp;<\/p>\n","protected":false},"excerpt":{"rendered":"<p>Die R\u00e4umlichkeiten der Stiftung im 23. Wiener Gemeindebezirk werden diversen Bildungseinrichtungen zur Durchf\u00fchrung ihrer Veranstaltungen zur Verf\u00fcgung gestellt. So fand u.a. im Jahre 2011 eine Fachtagung zum Thema \u201eReligionsunterricht und s\u00e4kularer Staat\u201c statt, welche vom &#8230; <a href=\"https:\/\/www.gpas.at\/?page_id=237\" class=\"more-link\">Read More<\/a><\/p>\n","protected":false},"author":1,"featured_media":0,"parent":0,"menu_order":0,"comment_status":"closed","ping_status":"closed","template":"","meta":{"ngg_post_thumbnail":0,"footnotes":""},"class_list":["post-237","page","type-page","status-publish","hentry","no-post-thumbnail"],"_links":{"self":[{"href":"https:\/\/www.gpas.at\/index.php?rest_route=\/wp\/v2\/pages\/237"}],"collection":[{"href":"https:\/\/www.gpas.at\/index.php?rest_route=\/wp\/v2\/pages"}],"about":[{"href":"https:\/\/www.gpas.at\/index.php?rest_route=\/wp\/v2\/types\/page"}],"author":[{"embeddable":true,"href":"https:\/\/www.gpas.at\/index.php?rest_route=\/wp\/v2\/users\/1"}],"replies":[{"embeddable":true,"href":"https:\/\/www.gpas.at\/index.php?rest_route=%2Fwp%2Fv2%2Fcomments&post=237"}],"version-history":[{"count":3,"href":"https:\/\/www.gpas.at\/index.php?rest_route=\/wp\/v2\/pages\/237\/revisions"}],"predecessor-version":[{"id":632,"href":"https:\/\/www.gpas.at\/index.php?rest_route=\/wp\/v2\/pages\/237\/revisions\/632"}],"wp:attachment":[{"href":"https:\/\/www.gpas.at\/index.php?rest_route=%2Fwp%2Fv2%2Fmedia&parent=237"}],"curies":[{"name":"wp","href":"https:\/\/api.w.org\/{rel}","templated":true}]}}