{"id":297,"date":"2018-03-31T12:16:54","date_gmt":"2018-03-31T10:16:54","guid":{"rendered":"http:\/\/test.gpas.at\/?page_id=297"},"modified":"2018-04-12T13:19:15","modified_gmt":"2018-04-12T11:19:15","slug":"stiftung-als-leihgeberin","status":"publish","type":"page","link":"https:\/\/www.gpas.at\/?page_id=297","title":{"rendered":"Stiftung als Leihgeberin"},"content":{"rendered":"<h4>Die ISLAM \u2013 Ausstellung auf der Schallaburg<\/h4>\n<p><strong>Die Leihgaben der Stiftung<\/strong><\/p>\n<p>Im Jahre 2017 fand eine medial viel beachtete Ausstellung auf der Schallaburg (N\u00d6) statt, die von der Anas Schakfeh Stiftung unterst\u00fctzt wurde. Sie verlieh der Schallaburg etwa 30 Objekte und z\u00e4hlte zu einer der gr\u00f6\u00dferen Leihgeber, neben dem Wien Museum, dem MAK und der Bumiller Collection. Dar\u00fcber hinaus war die Stiftung in engem Austausch mit den Kuratorinnen der Ausstellung. Im Mittelpunkt der ISLAM \u2013 Ausstellung, welche vom 18.M\u00e4rz bis 5.November 2017 f\u00fcr die \u00d6ffentlichkeit zug\u00e4nglich war und bis zu 90.000 Besucher erreichte, standen muslimische Kulturen in \u00d6sterreich, welche durch acht Begegnungsr\u00e4ume dargestellt wurden: besprochen, bewohnt, beseelt, begrenzt, bekleidet, bedroht, berufen und beliebt. Ziel war auch die Reflektion \u00fcber den Alltag: <em>\u201eAnhand vertrauter Situationen im t\u00e4glichen Zusammenleben werden aktuelle Fragen, historische Entwicklungen und unterschiedliche Sichtweisen in den Mittelpunkt ger\u00fcckt. Sie laden zu einer vertieften kulturellen Begegnung ein.\u201c<\/em><a href=\"#_ftn1\" name=\"_ftnref1\">[1]<\/a><\/p>\n<p>Passend zu den Begegnungsr\u00e4umen z\u00e4hlten zu den von der Stiftung geliehenen Objekten unter anderem das Astrolabium aus dem 19. Jahrhundert, Alltagsgegenst\u00e4nde wie etwa Tee- &amp; Kaffeeservice aus Kupfer und Silber, die zwischen 1880-1900 verwendet wurden, aber auch ein Gew\u00fcrzspender aus dem afghanischen Raum, welcher in der 1. H\u00e4lfte des 20. Jahrhunderts verwendet wurde. Einige Tabakdosen mit ausdrucksstarken Motiven, sowohl aus dem europ\u00e4ischen als auch arabischen Raum, geh\u00f6rten weiterhin zu den Leihgegenst\u00e4nden, etwa die Blechdose mit dem Titel \u201eT\u00fcrkenkost\u201c. Deren urspr\u00fcnglichen Inhalt vertrieb die deutsche Firma Otto Beckmann &amp; Co vor dem 2. Weltkrieg auch in \u00d6sterreich. &nbsp;<\/p>\n<p>Objekte, die den Viererbund im 1. Weltkrieg darstellen, geh\u00f6rten ebenfalls zu den ausgeliehenen Objekten, die in der Ausstellung gezeigt wurden. So auch zwei Reservistika-Teller, die Kaiser Wilhelm II., Kaiser Franz Joseph I., Sultan Mehmed V. und Zar Ferdinand I., abbilden.<\/p>\n<div id=\"attachment_267\" style=\"width: 234px\" class=\"wp-caption alignleft\"><img decoding=\"async\" aria-describedby=\"caption-attachment-267\" class=\" wp-image-267\" src=\"http:\/\/gpas.at\/wp-content\/uploads\/2018\/02\/IMG_5080-300x225.jpg\" alt=\"\" width=\"224\" height=\"168\" srcset=\"https:\/\/www.gpas.at\/wp-content\/uploads\/2018\/02\/IMG_5080-300x225.jpg 300w, https:\/\/www.gpas.at\/wp-content\/uploads\/2018\/02\/IMG_5080-768x576.jpg 768w, https:\/\/www.gpas.at\/wp-content\/uploads\/2018\/02\/IMG_5080-1024x768.jpg 1024w, https:\/\/www.gpas.at\/wp-content\/uploads\/2018\/02\/IMG_5080-100x75.jpg 100w, https:\/\/www.gpas.at\/wp-content\/uploads\/2018\/02\/IMG_5080-865x649.jpg 865w, https:\/\/www.gpas.at\/wp-content\/uploads\/2018\/02\/IMG_5080-1154x866.jpg 1154w\" sizes=\"(max-width: 224px) 100vw, 224px\" \/><p id=\"caption-attachment-267\" class=\"wp-caption-text\">Schallaburg<\/p><\/div>\n<div id=\"attachment_269\" style=\"width: 232px\" class=\"wp-caption alignleft\"><img decoding=\"async\" aria-describedby=\"caption-attachment-269\" class=\"wp-image-269 \" src=\"http:\/\/gpas.at\/wp-content\/uploads\/2018\/02\/IMG_5053-300x225.jpg\" alt=\"\" width=\"222\" height=\"166\" srcset=\"https:\/\/www.gpas.at\/wp-content\/uploads\/2018\/02\/IMG_5053-300x225.jpg 300w, https:\/\/www.gpas.at\/wp-content\/uploads\/2018\/02\/IMG_5053-768x576.jpg 768w, https:\/\/www.gpas.at\/wp-content\/uploads\/2018\/02\/IMG_5053-1024x768.jpg 1024w, https:\/\/www.gpas.at\/wp-content\/uploads\/2018\/02\/IMG_5053-100x75.jpg 100w, https:\/\/www.gpas.at\/wp-content\/uploads\/2018\/02\/IMG_5053-865x649.jpg 865w, https:\/\/www.gpas.at\/wp-content\/uploads\/2018\/02\/IMG_5053-1154x866.jpg 1154w\" sizes=\"(max-width: 222px) 100vw, 222px\" \/><p id=\"caption-attachment-269\" class=\"wp-caption-text\">Leihgaben<\/p><\/div>\n<div id=\"attachment_268\" style=\"width: 235px\" class=\"wp-caption alignleft\"><img decoding=\"async\" aria-describedby=\"caption-attachment-268\" class=\"wp-image-268 \" src=\"http:\/\/gpas.at\/wp-content\/uploads\/2018\/02\/IMG_5037-300x225.jpg\" alt=\"\" width=\"225\" height=\"169\" srcset=\"https:\/\/www.gpas.at\/wp-content\/uploads\/2018\/02\/IMG_5037-300x225.jpg 300w, https:\/\/www.gpas.at\/wp-content\/uploads\/2018\/02\/IMG_5037-768x576.jpg 768w, https:\/\/www.gpas.at\/wp-content\/uploads\/2018\/02\/IMG_5037-1024x768.jpg 1024w, https:\/\/www.gpas.at\/wp-content\/uploads\/2018\/02\/IMG_5037-100x75.jpg 100w, https:\/\/www.gpas.at\/wp-content\/uploads\/2018\/02\/IMG_5037-865x649.jpg 865w, https:\/\/www.gpas.at\/wp-content\/uploads\/2018\/02\/IMG_5037-1154x866.jpg 1154w\" sizes=\"(max-width: 225px) 100vw, 225px\" \/><p id=\"caption-attachment-268\" class=\"wp-caption-text\">Ausstellungsr\u00e4ume<\/p><\/div>\n<p>&nbsp;<\/p>\n<p>&nbsp;<\/p>\n<p>&nbsp;<\/p>\n<p>&nbsp;<\/p>\n<div class=\"mceTemp\">&nbsp;<\/div>\n<p>&nbsp;<\/p>\n<p>&nbsp;<\/p>\n<p>&nbsp;<\/p>\n<p><a href=\"#_ftnref1\" name=\"_ftn1\">[1]<\/a> www.schallaburg.at<\/p>\n","protected":false},"excerpt":{"rendered":"<p>Die ISLAM \u2013 Ausstellung auf der Schallaburg Die Leihgaben der Stiftung Im Jahre 2017 fand eine medial viel beachtete Ausstellung auf der Schallaburg (N\u00d6) statt, die von der Anas Schakfeh Stiftung unterst\u00fctzt wurde. Sie verlieh &#8230; <a href=\"https:\/\/www.gpas.at\/?page_id=297\" class=\"more-link\">Read More<\/a><\/p>\n","protected":false},"author":1,"featured_media":0,"parent":0,"menu_order":0,"comment_status":"closed","ping_status":"closed","template":"","meta":{"ngg_post_thumbnail":0,"footnotes":""},"class_list":["post-297","page","type-page","status-publish","hentry","no-post-thumbnail"],"_links":{"self":[{"href":"https:\/\/www.gpas.at\/index.php?rest_route=\/wp\/v2\/pages\/297"}],"collection":[{"href":"https:\/\/www.gpas.at\/index.php?rest_route=\/wp\/v2\/pages"}],"about":[{"href":"https:\/\/www.gpas.at\/index.php?rest_route=\/wp\/v2\/types\/page"}],"author":[{"embeddable":true,"href":"https:\/\/www.gpas.at\/index.php?rest_route=\/wp\/v2\/users\/1"}],"replies":[{"embeddable":true,"href":"https:\/\/www.gpas.at\/index.php?rest_route=%2Fwp%2Fv2%2Fcomments&post=297"}],"version-history":[{"count":4,"href":"https:\/\/www.gpas.at\/index.php?rest_route=\/wp\/v2\/pages\/297\/revisions"}],"predecessor-version":[{"id":402,"href":"https:\/\/www.gpas.at\/index.php?rest_route=\/wp\/v2\/pages\/297\/revisions\/402"}],"wp:attachment":[{"href":"https:\/\/www.gpas.at\/index.php?rest_route=%2Fwp%2Fv2%2Fmedia&parent=297"}],"curies":[{"name":"wp","href":"https:\/\/api.w.org\/{rel}","templated":true}]}}

<h4>Die ISLAM – Ausstellung auf der Schallaburg</h4>
<p><strong>Die Leihgaben der Stiftung</strong></p>
<p>Im Jahre 2017 fand eine medial viel beachtete Ausstellung auf der Schallaburg (NÖ) statt, die von der Anas Schakfeh Stiftung unterstützt wurde. Sie verlieh der Schallaburg etwa 30 Objekte und zählte zu einer der größeren Leihgeber, neben dem Wien Museum, dem MAK und der Bumiller Collection. Darüber hinaus war die Stiftung in engem Austausch mit den Kuratorinnen der Ausstellung. Im Mittelpunkt der ISLAM – Ausstellung, welche vom 18.März bis 5.November 2017 für die Öffentlichkeit zugänglich war und bis zu 90.000 Besucher erreichte, standen muslimische Kulturen in Österreich, welche durch acht Begegnungsräume dargestellt wurden: besprochen, bewohnt, beseelt, begrenzt, bekleidet, bedroht, berufen und beliebt. Ziel war auch die Reflektion über den Alltag: <em>„Anhand vertrauter Situationen im täglichen Zusammenleben werden aktuelle Fragen, historische Entwicklungen und unterschiedliche Sichtweisen in den Mittelpunkt gerückt. Sie laden zu einer vertieften kulturellen Begegnung ein.“</em><a href="#_ftn1" name="_ftnref1">[1]</a></p>
<p>Passend zu den Begegnungsräumen zählten zu den von der Stiftung geliehenen Objekten unter anderem das Astrolabium aus dem 19. Jahrhundert, Alltagsgegenstände wie etwa Tee- &amp; Kaffeeservice aus Kupfer und Silber, die zwischen 1880-1900 verwendet wurden, aber auch ein Gewürzspender aus dem afghanischen Raum, welcher in der 1. Hälfte des 20. Jahrhunderts verwendet wurde. Einige Tabakdosen mit ausdrucksstarken Motiven, sowohl aus dem europäischen als auch arabischen Raum, gehörten weiterhin zu den Leihgegenständen, etwa die Blechdose mit dem Titel „Türkenkost“. Deren ursprünglichen Inhalt vertrieb die deutsche Firma Otto Beckmann &amp; Co vor dem 2. Weltkrieg auch in Österreich. &nbsp;</p>
<p>Objekte, die den Viererbund im 1. Weltkrieg darstellen, gehörten ebenfalls zu den ausgeliehenen Objekten, die in der Ausstellung gezeigt wurden. So auch zwei Reservistika-Teller, die Kaiser Wilhelm II., Kaiser Franz Joseph I., Sultan Mehmed V. und Zar Ferdinand I., abbilden.</p>
<div id="attachment_267" style="width: 234px" class="wp-caption alignleft"><img decoding="async" aria-describedby="caption-attachment-267" class=" wp-image-267" src="http://gpas.at/wp-content/uploads/2018/02/IMG_5080-300x225.jpg" alt="" width="224" height="168" srcset="https://www.gpas.at/wp-content/uploads/2018/02/IMG_5080-300x225.jpg 300w, https://www.gpas.at/wp-content/uploads/2018/02/IMG_5080-768x576.jpg 768w, https://www.gpas.at/wp-content/uploads/2018/02/IMG_5080-1024x768.jpg 1024w, https://www.gpas.at/wp-content/uploads/2018/02/IMG_5080-100x75.jpg 100w, https://www.gpas.at/wp-content/uploads/2018/02/IMG_5080-865x649.jpg 865w, https://www.gpas.at/wp-content/uploads/2018/02/IMG_5080-1154x866.jpg 1154w" sizes="(max-width: 224px) 100vw, 224px" /><p id="caption-attachment-267" class="wp-caption-text">Schallaburg</p></div>
<div id="attachment_269" style="width: 232px" class="wp-caption alignleft"><img decoding="async" aria-describedby="caption-attachment-269" class="wp-image-269 " src="http://gpas.at/wp-content/uploads/2018/02/IMG_5053-300x225.jpg" alt="" width="222" height="166" srcset="https://www.gpas.at/wp-content/uploads/2018/02/IMG_5053-300x225.jpg 300w, https://www.gpas.at/wp-content/uploads/2018/02/IMG_5053-768x576.jpg 768w, https://www.gpas.at/wp-content/uploads/2018/02/IMG_5053-1024x768.jpg 1024w, https://www.gpas.at/wp-content/uploads/2018/02/IMG_5053-100x75.jpg 100w, https://www.gpas.at/wp-content/uploads/2018/02/IMG_5053-865x649.jpg 865w, https://www.gpas.at/wp-content/uploads/2018/02/IMG_5053-1154x866.jpg 1154w" sizes="(max-width: 222px) 100vw, 222px" /><p id="caption-attachment-269" class="wp-caption-text">Leihgaben</p></div>
<div id="attachment_268" style="width: 235px" class="wp-caption alignleft"><img decoding="async" aria-describedby="caption-attachment-268" class="wp-image-268 " src="http://gpas.at/wp-content/uploads/2018/02/IMG_5037-300x225.jpg" alt="" width="225" height="169" srcset="https://www.gpas.at/wp-content/uploads/2018/02/IMG_5037-300x225.jpg 300w, https://www.gpas.at/wp-content/uploads/2018/02/IMG_5037-768x576.jpg 768w, https://www.gpas.at/wp-content/uploads/2018/02/IMG_5037-1024x768.jpg 1024w, https://www.gpas.at/wp-content/uploads/2018/02/IMG_5037-100x75.jpg 100w, https://www.gpas.at/wp-content/uploads/2018/02/IMG_5037-865x649.jpg 865w, https://www.gpas.at/wp-content/uploads/2018/02/IMG_5037-1154x866.jpg 1154w" sizes="(max-width: 225px) 100vw, 225px" /><p id="caption-attachment-268" class="wp-caption-text">Ausstellungsräume</p></div>
<p>&nbsp;</p>
<p>&nbsp;</p>
<p>&nbsp;</p>
<p>&nbsp;</p>
<div class="mceTemp">&nbsp;</div>
<p>&nbsp;</p>
<p>&nbsp;</p>
<p>&nbsp;</p>
<p><a href="#_ftnref1" name="_ftn1">[1]</a> www.schallaburg.at</p>

<p>Die ISLAM – Ausstellung auf der Schallaburg Die Leihgaben der Stiftung Im Jahre 2017 fand eine medial viel beachtete Ausstellung auf der Schallaburg (NÖ) statt, die von der Anas Schakfeh Stiftung unterstützt wurde. Sie verlieh &#8230; <a href="https://www.gpas.at/?page_id=297" class="more-link">Read More</a></p>
