{"id":96,"date":"2017-12-25T00:01:55","date_gmt":"2017-12-24T23:01:55","guid":{"rendered":"http:\/\/test.gpas.at\/?page_id=96"},"modified":"2018-04-12T12:55:00","modified_gmt":"2018-04-12T10:55:00","slug":"anas-schakfeh","status":"publish","type":"page","link":"https:\/\/www.gpas.at\/?page_id=96","title":{"rendered":"Anas Schakfeh"},"content":{"rendered":"<p><img fetchpriority=\"high\" decoding=\"async\" class=\"wp-image-394 alignleft\" src=\"https:\/\/www.gpas.at\/wp-content\/uploads\/2018\/04\/ch-200x300.jpg\" alt=\"\" width=\"250\" height=\"374\" srcset=\"https:\/\/www.gpas.at\/wp-content\/uploads\/2018\/04\/ch-200x300.jpg 200w, https:\/\/www.gpas.at\/wp-content\/uploads\/2018\/04\/ch-768x1152.jpg 768w, https:\/\/www.gpas.at\/wp-content\/uploads\/2018\/04\/ch-683x1024.jpg 683w, https:\/\/www.gpas.at\/wp-content\/uploads\/2018\/04\/ch-100x150.jpg 100w, https:\/\/www.gpas.at\/wp-content\/uploads\/2018\/04\/ch-865x1298.jpg 865w, https:\/\/www.gpas.at\/wp-content\/uploads\/2018\/04\/ch-1154x1731.jpg 1154w\" sizes=\"(max-width: 250px) 100vw, 250px\" \/><\/p>\n<p>Die Anas-Schakfeh Privatstiftung w\u00fcrdigt Werk und Wirken ihres Namensgebers. Als Pr\u00e4sident der Islamischen Glaubensgemeinschaft in \u00d6sterreich initiierte Anas Schakfeh zahlreiche Aktivit\u00e4ten, welche die Partizipation von Musliminnen und Muslimen in der \u00f6sterreichischen Gesellschaft forcierten und trug somit wesentlich zur Herausbildung einer \u00f6sterreichisch-islamischen Identit\u00e4t bei. Anas Schakfeh tritt ein f\u00fcr ein Islamverst\u00e4ndnis, welches die Lebenswirklichkeit von Musliminnen und Muslimen in \u00d6sterreich einbezieht und diese zum Ausgangspunkt einer kontext- und konsensorientierten Theologie macht. Sein Bekenntnis zur Demokratie und zum Rechtsstaat gr\u00fcndet in seiner tiefen \u00dcberzeugung, dass Menschenrechte und Religionsfreiheit anders nicht zu garantieren sind.<br \/>\nAnas Schakfeh ist Tr\u00e4ger des Gro\u00dfen Goldenen Ehrenzeichnens mit dem Stern f\u00fcr Verdienste um die Republik \u00d6sterreich sowie des Goldenen Ehrenzeichens f\u00fcr Verdienste um das Land Wien.<\/p>\n","protected":false},"excerpt":{"rendered":"<p>Die Anas-Schakfeh Privatstiftung w\u00fcrdigt Werk und Wirken ihres Namensgebers. Als Pr\u00e4sident der Islamischen Glaubensgemeinschaft in \u00d6sterreich initiierte Anas Schakfeh zahlreiche Aktivit\u00e4ten, welche die Partizipation von Musliminnen und Muslimen in der \u00f6sterreichischen Gesellschaft forcierten und trug &#8230; <a href=\"https:\/\/www.gpas.at\/?page_id=96\" class=\"more-link\">Read More<\/a><\/p>\n","protected":false},"author":1,"featured_media":0,"parent":0,"menu_order":0,"comment_status":"closed","ping_status":"closed","template":"","meta":{"ngg_post_thumbnail":0,"footnotes":""},"class_list":["post-96","page","type-page","status-publish","hentry","no-post-thumbnail"],"_links":{"self":[{"href":"https:\/\/www.gpas.at\/index.php?rest_route=\/wp\/v2\/pages\/96"}],"collection":[{"href":"https:\/\/www.gpas.at\/index.php?rest_route=\/wp\/v2\/pages"}],"about":[{"href":"https:\/\/www.gpas.at\/index.php?rest_route=\/wp\/v2\/types\/page"}],"author":[{"embeddable":true,"href":"https:\/\/www.gpas.at\/index.php?rest_route=\/wp\/v2\/users\/1"}],"replies":[{"embeddable":true,"href":"https:\/\/www.gpas.at\/index.php?rest_route=%2Fwp%2Fv2%2Fcomments&post=96"}],"version-history":[{"count":6,"href":"https:\/\/www.gpas.at\/index.php?rest_route=\/wp\/v2\/pages\/96\/revisions"}],"predecessor-version":[{"id":396,"href":"https:\/\/www.gpas.at\/index.php?rest_route=\/wp\/v2\/pages\/96\/revisions\/396"}],"wp:attachment":[{"href":"https:\/\/www.gpas.at\/index.php?rest_route=%2Fwp%2Fv2%2Fmedia&parent=96"}],"curies":[{"name":"wp","href":"https:\/\/api.w.org\/{rel}","templated":true}]}}